{"id":7,"date":"2018-09-10T18:22:33","date_gmt":"2018-09-10T18:22:33","guid":{"rendered":"http:\/\/hschneeklothsvej.dk\/?page_id=7"},"modified":"2021-11-22T15:10:20","modified_gmt":"2021-11-22T15:10:20","slug":"ejendom","status":"publish","type":"page","link":"https:\/\/hschneeklothsvej.dk\/?page_id=7","title":{"rendered":"Ejendommen"},"content":{"rendered":"<h3><strong>Historie<\/strong><\/h3>\n<p><img decoding=\"async\" src=\"http:\/\/hschneeklothsvej.dk\/wp-content\/uploads\/2021\/07\/gaardfacade.jpg\" alt=\"\" width=\"520\"\/><br \/>\nEjendommen H. Schneekloths Vej 3-13 blev opf\u00f8rt i 1933 og ligger p\u00e5 Frederiksberg. Den\u00a0best\u00e5r af 71 ejerlejligheder fordelt p\u00e5 6 opgange. Dertil kommer en g\u00e5rd med 5 garager, en hyggelig g\u00e5rdhave med b\u00e6nke, borde, grillpladser og legeplads samt en inderg\u00e5rd med cykelparkering og selskabslokale. I alt ca. 5.500 kvm.<\/p>\n<p>I starten var der kun lejligheder fra stuen til 4. sal, mens der var t\u00f8rrelofter p\u00e5 5. sal. Disse blev i 1963 indrettet til kvistlejligheder.<\/p>\n<p>Oprindelig var alle lejligheder i ejendommen lejerlejligheder. Fra ca 1970 og frem er lejlighederne blevet solgt som ejerlejligheder, s\u00e5ledes at ejendommen nu udelukkende best\u00e5r af ejerboliger.<\/p>\n<p>Inderg\u00e5rden var i mange \u00e5r ejet af kommunen og blev brugt til v\u00e6rksted og diverse k\u00f8ret\u00f8jer. I 1999 havde kommunen ikke l\u00e6ngere brug for den, hvorefter foreningen k\u00f8bte den af kommunen.<\/p>\n<p>Navnet &#8220;H. Schneekloth&#8221; stammer fra den tidligere dansk\/tyske skolemand Hans Schneekloth, der fungerede som l\u00e6rer p\u00e5 Frederiksberg tilbage i midten af 1800-tallet.<\/p>\n<h3><strong>Lejlighedstyper<\/strong><\/h3>\n<p>Ejendommen best\u00e5r af 2(3)-v\u00e6relses lejligheder i opgangene 3 og 13 og lidt st\u00f8rre 3-v\u00e6relses lejligheder i opgangene 5-11. Lejlighederne i opgang 7 th. er lidt st\u00f8rre endnu, da de ligger der hvor ejendommen sl\u00e5r et kn\u00e6k. Langt de fleste lejligheder er med altan mod g\u00e5rden.<\/p>\n<p>Nedenfor er vist nogle typiske eksempler p\u00e5 lejligheder i ejendommen.<\/p>\n<p><a href=\"http:\/\/hschneeklothsvej.dk\/wp-content\/uploads\/2021\/08\/lejlighed-3.jpg\"><img loading=\"lazy\" decoding=\"async\" src=\"http:\/\/hschneeklothsvej.dk\/wp-content\/uploads\/2021\/08\/lejlighed-3.jpg\" alt=\"\" width=\"474\" height=\"340\"\/><\/a><br \/>\n<em>2-v\u00e6relses lejlighed i opgang 3 og 13 \u00a0 (75 kvadratmeter)<\/em><\/p>\n<p>&nbsp;<\/p>\n<p><a href=\"http:\/\/hschneeklothsvej.dk\/wp-content\/uploads\/2021\/07\/lejlighed-3k.jpg\"><img loading=\"lazy\" decoding=\"async\" src=\"http:\/\/hschneeklothsvej.dk\/wp-content\/uploads\/2021\/07\/lejlighed-3k.jpg\" alt=\"\" width=\"474\" height=\"340\"\/><\/a><br \/>\n<em>2-v\u00e6relses kvistlejlighed p\u00e5 5. sal i opgang 3 og 13 \u00a0 (54 kvadratmeter)<\/em><\/p>\n<p>&nbsp;<\/p>\n<p><a href=\"http:\/\/hschneeklothsvej.dk\/wp-content\/uploads\/2021\/07\/lejlighed-7h.jpg\"><img loading=\"lazy\" decoding=\"async\" src=\"http:\/\/hschneeklothsvej.dk\/wp-content\/uploads\/2021\/07\/lejlighed-7h.jpg\" alt=\"\" width=\"474\" height=\"340\"\/><\/a><br \/>\n<em>3-v\u00e6relses lejlighed i opgang 7 th. \u00a0 (96 kvadratmeter)<\/em><\/p>\n","protected":false},"excerpt":{"rendered":"<p>Historie Ejendommen H. Schneekloths Vej 3-13 blev opf\u00f8rt i 1933 og ligger p\u00e5 Frederiksberg. Den\u00a0best\u00e5r af 71 ejerlejligheder fordelt p\u00e5 6 opgange. Dertil kommer en g\u00e5rd med 5 garager, en hyggelig g\u00e5rdhave med b\u00e6nke, borde, grillpladser og legeplads samt en inderg\u00e5rd med cykelparkering og selskabslokale. I alt ca. 5.500 kvm. I starten var der kun &hellip; <\/p>\n<p class=\"link-more\"><a href=\"https:\/\/hschneeklothsvej.dk\/?page_id=7\" class=\"more-link\">Continue reading<span class=\"screen-reader-text\"> &#8220;Ejendommen&#8221;<\/span><\/a><\/p>\n","protected":false},"author":1,"featured_media":0,"parent":0,"menu_order":0,"comment_status":"closed","ping_status":"closed","template":"","meta":{"footnotes":""},"_links":{"self":[{"href":"https:\/\/hschneeklothsvej.dk\/index.php?rest_route=\/wp\/v2\/pages\/7"}],"collection":[{"href":"https:\/\/hschneeklothsvej.dk\/index.php?rest_route=\/wp\/v2\/pages"}],"about":[{"href":"https:\/\/hschneeklothsvej.dk\/index.php?rest_route=\/wp\/v2\/types\/page"}],"author":[{"embeddable":true,"href":"https:\/\/hschneeklothsvej.dk\/index.php?rest_route=\/wp\/v2\/users\/1"}],"replies":[{"embeddable":true,"href":"https:\/\/hschneeklothsvej.dk\/index.php?rest_route=%2Fwp%2Fv2%2Fcomments&post=7"}],"version-history":[{"count":41,"href":"https:\/\/hschneeklothsvej.dk\/index.php?rest_route=\/wp\/v2\/pages\/7\/revisions"}],"predecessor-version":[{"id":602,"href":"https:\/\/hschneeklothsvej.dk\/index.php?rest_route=\/wp\/v2\/pages\/7\/revisions\/602"}],"wp:attachment":[{"href":"https:\/\/hschneeklothsvej.dk\/index.php?rest_route=%2Fwp%2Fv2%2Fmedia&parent=7"}],"curies":[{"name":"wp","href":"https:\/\/api.w.org\/{rel}","templated":true}]}}

<h3><strong>Historie</strong></h3>
<p><img decoding="async" src="http://hschneeklothsvej.dk/wp-content/uploads/2021/07/gaardfacade.jpg" alt="" width="520"/><br />
Ejendommen H. Schneekloths Vej 3-13 blev opført i 1933 og ligger på Frederiksberg. Den består af 71 ejerlejligheder fordelt på 6 opgange. Dertil kommer en gård med 5 garager, en hyggelig gårdhave med bænke, borde, grillpladser og legeplads samt en indergård med cykelparkering og selskabslokale. I alt ca. 5.500 kvm.</p>
<p>I starten var der kun lejligheder fra stuen til 4. sal, mens der var tørrelofter på 5. sal. Disse blev i 1963 indrettet til kvistlejligheder.</p>
<p>Oprindelig var alle lejligheder i ejendommen lejerlejligheder. Fra ca 1970 og frem er lejlighederne blevet solgt som ejerlejligheder, således at ejendommen nu udelukkende består af ejerboliger.</p>
<p>Indergården var i mange år ejet af kommunen og blev brugt til værksted og diverse køretøjer. I 1999 havde kommunen ikke længere brug for den, hvorefter foreningen købte den af kommunen.</p>
<p>Navnet &#8220;H. Schneekloth&#8221; stammer fra den tidligere dansk/tyske skolemand Hans Schneekloth, der fungerede som lærer på Frederiksberg tilbage i midten af 1800-tallet.</p>
<h3><strong>Lejlighedstyper</strong></h3>
<p>Ejendommen består af 2(3)-værelses lejligheder i opgangene 3 og 13 og lidt større 3-værelses lejligheder i opgangene 5-11. Lejlighederne i opgang 7 th. er lidt større endnu, da de ligger der hvor ejendommen slår et knæk. Langt de fleste lejligheder er med altan mod gården.</p>
<p>Nedenfor er vist nogle typiske eksempler på lejligheder i ejendommen.</p>
<p><a href="http://hschneeklothsvej.dk/wp-content/uploads/2021/08/lejlighed-3.jpg"><img loading="lazy" decoding="async" src="http://hschneeklothsvej.dk/wp-content/uploads/2021/08/lejlighed-3.jpg" alt="" width="474" height="340"/></a><br />
<em>2-værelses lejlighed i opgang 3 og 13   (75 kvadratmeter)</em></p>
<p>&nbsp;</p>
<p><a href="http://hschneeklothsvej.dk/wp-content/uploads/2021/07/lejlighed-3k.jpg"><img loading="lazy" decoding="async" src="http://hschneeklothsvej.dk/wp-content/uploads/2021/07/lejlighed-3k.jpg" alt="" width="474" height="340"/></a><br />
<em>2-værelses kvistlejlighed på 5. sal i opgang 3 og 13   (54 kvadratmeter)</em></p>
<p>&nbsp;</p>
<p><a href="http://hschneeklothsvej.dk/wp-content/uploads/2021/07/lejlighed-7h.jpg"><img loading="lazy" decoding="async" src="http://hschneeklothsvej.dk/wp-content/uploads/2021/07/lejlighed-7h.jpg" alt="" width="474" height="340"/></a><br />
<em>3-værelses lejlighed i opgang 7 th.   (96 kvadratmeter)</em></p>

<p>Historie Ejendommen H. Schneekloths Vej 3-13 blev opført i 1933 og ligger på Frederiksberg. Den består af 71 ejerlejligheder fordelt på 6 opgange. Dertil kommer en gård med 5 garager, en hyggelig gårdhave med bænke, borde, grillpladser og legeplads samt en indergård med cykelparkering og selskabslokale. I alt ca. 5.500 kvm. I starten var der kun &hellip; </p>
<p class="link-more"><a href="https://hschneeklothsvej.dk/?page_id=7" class="more-link">Continue reading<span class="screen-reader-text"> &#8220;Ejendommen&#8221;</span></a></p>
